{"id":811,"date":"2024-03-22T17:44:29","date_gmt":"2024-03-22T17:44:29","guid":{"rendered":"https:\/\/umcoletivo.pt\/local\/redacao-do-jornal-publico\/"},"modified":"2024-03-22T17:44:29","modified_gmt":"2024-03-22T17:44:29","slug":"redacao-do-jornal-publico","status":"publish","type":"tribe_venue","link":"https:\/\/umcoletivo.pt\/en\/venue\/redacao-do-jornal-publico\/","title":{"rendered":"P\u00fablico Newsroom"},"content":{"rendered":"","protected":false},"excerpt":{"rendered":"","protected":false},"author":1,"featured_media":0,"template":"","meta":{"footnotes":""},"class_list":["post-811","tribe_venue","type-tribe_venue","status-publish","hentry"],"yoast_head":"<!-- This site is optimized with the Yoast SEO plugin v25.6 - https:\/\/yoast.com\/wordpress\/plugins\/seo\/ -->\n<title>Reda\u00e7\u00e3o do Jornal P\u00fablico - Um Coletivo<\/title>\n<meta name=\"robots\" content=\"index, follow, max-snippet:-1, max-image-preview:large, max-video-preview:-1\" \/>\n<link rel=\"canonical\" href=\"https:\/\/umcoletivo.pt\/en\/local\/redacao-do-jornal-publico\/\" \/>\n<meta property=\"og:locale\" content=\"en_GB\" \/>\n<meta property=\"og:type\" content=\"article\" \/>\n<meta property=\"og:title\" content=\"Reda\u00e7\u00e3o do Jornal P\u00fablico - Um Coletivo\" \/>\n<meta property=\"og:url\" content=\"https:\/\/umcoletivo.pt\/en\/local\/redacao-do-jornal-publico\/\" \/>\n<meta property=\"og:site_name\" content=\"Um Coletivo\" \/>\n<meta property=\"article:publisher\" content=\"https:\/\/www.facebook.com\/umcoletivo\" \/>\n<meta name=\"twitter:card\" content=\"summary_large_image\" \/>\n<script type=\"application\/ld+json\" class=\"yoast-schema-graph\">{\"@context\":\"https:\/\/schema.org\",\"@graph\":[{\"@type\":\"WebPage\",\"@id\":\"https:\/\/umcoletivo.pt\/local\/redacao-do-jornal-publico\/\",\"url\":\"https:\/\/umcoletivo.pt\/local\/redacao-do-jornal-publico\/\",\"name\":\"Reda\u00e7\u00e3o do Jornal P\u00fablico - Um Coletivo\",\"isPartOf\":{\"@id\":\"https:\/\/umcoletivo.pt\/#website\"},\"datePublished\":\"2024-03-22T17:44:29+00:00\",\"breadcrumb\":{\"@id\":\"https:\/\/umcoletivo.pt\/local\/redacao-do-jornal-publico\/#breadcrumb\"},\"inLanguage\":\"en-GB\",\"potentialAction\":[{\"@type\":\"ReadAction\",\"target\":[\"https:\/\/umcoletivo.pt\/local\/redacao-do-jornal-publico\/\"]}]},{\"@type\":\"BreadcrumbList\",\"@id\":\"https:\/\/umcoletivo.pt\/local\/redacao-do-jornal-publico\/#breadcrumb\",\"itemListElement\":[{\"@type\":\"ListItem\",\"position\":1,\"name\":\"In\u00edcio\",\"item\":\"https:\/\/umcoletivo.pt\/\"},{\"@type\":\"ListItem\",\"position\":2,\"name\":\"Reda\u00e7\u00e3o do Jornal P\u00fablico\"}]},{\"@type\":\"WebSite\",\"@id\":\"https:\/\/umcoletivo.pt\/#website\",\"url\":\"https:\/\/umcoletivo.pt\/\",\"name\":\"Um Coletivo\",\"description\":\"\",\"publisher\":{\"@id\":\"https:\/\/umcoletivo.pt\/#organization\"},\"potentialAction\":[{\"@type\":\"SearchAction\",\"target\":{\"@type\":\"EntryPoint\",\"urlTemplate\":\"https:\/\/umcoletivo.pt\/?s={search_term_string}\"},\"query-input\":{\"@type\":\"PropertyValueSpecification\",\"valueRequired\":true,\"valueName\":\"search_term_string\"}}],\"inLanguage\":\"en-GB\"},{\"@type\":\"Organization\",\"@id\":\"https:\/\/umcoletivo.pt\/#organization\",\"name\":\"Um Coletivo\",\"url\":\"https:\/\/umcoletivo.pt\/\",\"logo\":{\"@type\":\"ImageObject\",\"inLanguage\":\"en-GB\",\"@id\":\"https:\/\/umcoletivo.pt\/#\/schema\/logo\/image\/\",\"url\":\"https:\/\/umcoletivo.pt\/wp-content\/uploads\/2024\/03\/UMCOLETIVO.png\",\"contentUrl\":\"https:\/\/umcoletivo.pt\/wp-content\/uploads\/2024\/03\/UMCOLETIVO.png\",\"width\":1210,\"height\":383,\"caption\":\"Um Coletivo\"},\"image\":{\"@id\":\"https:\/\/umcoletivo.pt\/#\/schema\/logo\/image\/\"},\"sameAs\":[\"https:\/\/www.facebook.com\/umcoletivo\"]}]}<\/script>\n<!-- \/ Yoast SEO plugin. -->","yoast_head_json":{"title":"Reda\u00e7\u00e3o do Jornal P\u00fablico - Um Coletivo","robots":{"index":"index","follow":"follow","max-snippet":"max-snippet:-1","max-image-preview":"max-image-preview:large","max-video-preview":"max-video-preview:-1"},"canonical":"https:\/\/umcoletivo.pt\/en\/local\/redacao-do-jornal-publico\/","og_locale":"en_GB","og_type":"article","og_title":"Reda\u00e7\u00e3o do Jornal P\u00fablico - Um Coletivo","og_url":"https:\/\/umcoletivo.pt\/en\/local\/redacao-do-jornal-publico\/","og_site_name":"Um Coletivo","article_publisher":"https:\/\/www.facebook.com\/umcoletivo","twitter_card":"summary_large_image","schema":{"@context":"https:\/\/schema.org","@graph":[{"@type":"WebPage","@id":"https:\/\/umcoletivo.pt\/local\/redacao-do-jornal-publico\/","url":"https:\/\/umcoletivo.pt\/local\/redacao-do-jornal-publico\/","name":"Reda\u00e7\u00e3o do Jornal P\u00fablico - Um Coletivo","isPartOf":{"@id":"https:\/\/umcoletivo.pt\/#website"},"datePublished":"2024-03-22T17:44:29+00:00","breadcrumb":{"@id":"https:\/\/umcoletivo.pt\/local\/redacao-do-jornal-publico\/#breadcrumb"},"inLanguage":"en-GB","potentialAction":[{"@type":"ReadAction","target":["https:\/\/umcoletivo.pt\/local\/redacao-do-jornal-publico\/"]}]},{"@type":"BreadcrumbList","@id":"https:\/\/umcoletivo.pt\/local\/redacao-do-jornal-publico\/#breadcrumb","itemListElement":[{"@type":"ListItem","position":1,"name":"In\u00edcio","item":"https:\/\/umcoletivo.pt\/"},{"@type":"ListItem","position":2,"name":"Reda\u00e7\u00e3o do Jornal P\u00fablico"}]},{"@type":"WebSite","@id":"https:\/\/umcoletivo.pt\/#website","url":"https:\/\/umcoletivo.pt\/","name":"A Collective","description":"","publisher":{"@id":"https:\/\/umcoletivo.pt\/#organization"},"potentialAction":[{"@type":"SearchAction","target":{"@type":"EntryPoint","urlTemplate":"https:\/\/umcoletivo.pt\/?s={search_term_string}"},"query-input":{"@type":"PropertyValueSpecification","valueRequired":true,"valueName":"search_term_string"}}],"inLanguage":"en-GB"},{"@type":"Organization","@id":"https:\/\/umcoletivo.pt\/#organization","name":"A Collective","url":"https:\/\/umcoletivo.pt\/","logo":{"@type":"ImageObject","inLanguage":"en-GB","@id":"https:\/\/umcoletivo.pt\/#\/schema\/logo\/image\/","url":"https:\/\/umcoletivo.pt\/wp-content\/uploads\/2024\/03\/UMCOLETIVO.png","contentUrl":"https:\/\/umcoletivo.pt\/wp-content\/uploads\/2024\/03\/UMCOLETIVO.png","width":1210,"height":383,"caption":"Um Coletivo"},"image":{"@id":"https:\/\/umcoletivo.pt\/#\/schema\/logo\/image\/"},"sameAs":["https:\/\/www.facebook.com\/umcoletivo"]}]}},"_links":{"self":[{"href":"https:\/\/umcoletivo.pt\/en\/wp-json\/wp\/v2\/tribe_venue\/811","targetHints":{"allow":["GET"]}}],"collection":[{"href":"https:\/\/umcoletivo.pt\/en\/wp-json\/wp\/v2\/tribe_venue"}],"about":[{"href":"https:\/\/umcoletivo.pt\/en\/wp-json\/wp\/v2\/types\/tribe_venue"}],"author":[{"embeddable":true,"href":"https:\/\/umcoletivo.pt\/en\/wp-json\/wp\/v2\/users\/1"}],"version-history":[{"count":0,"href":"https:\/\/umcoletivo.pt\/en\/wp-json\/wp\/v2\/tribe_venue\/811\/revisions"}],"wp:attachment":[{"href":"https:\/\/umcoletivo.pt\/en\/wp-json\/wp\/v2\/media?parent=811"}],"curies":[{"name":"wp","href":"https:\/\/api.w.org\/{rel}","templated":true}]}}

Público Newsroom

<!-- This site is optimized with the Yoast SEO plugin v25.6 - https://yoast.com/wordpress/plugins/seo/ -->
<title>Redação do Jornal Público - Um Coletivo</title>
<meta name="robots" content="index, follow, max-snippet:-1, max-image-preview:large, max-video-preview:-1" />
<link rel="canonical" href="https://umcoletivo.pt/en/local/redacao-do-jornal-publico/" />
<meta property="og:locale" content="en_GB" />
<meta property="og:type" content="article" />
<meta property="og:title" content="Redação do Jornal Público - Um Coletivo" />
<meta property="og:url" content="https://umcoletivo.pt/en/local/redacao-do-jornal-publico/" />
<meta property="og:site_name" content="Um Coletivo" />
<meta property="article:publisher" content="https://www.facebook.com/umcoletivo" />
<meta name="twitter:card" content="summary_large_image" />
<script type="application/ld+json" class="yoast-schema-graph">{"@context":"https://schema.org","@graph":[{"@type":"WebPage","@id":"https://umcoletivo.pt/local/redacao-do-jornal-publico/","url":"https://umcoletivo.pt/local/redacao-do-jornal-publico/","name":"Redação do Jornal Público - Um Coletivo","isPartOf":{"@id":"https://umcoletivo.pt/#website"},"datePublished":"2024-03-22T17:44:29+00:00","breadcrumb":{"@id":"https://umcoletivo.pt/local/redacao-do-jornal-publico/#breadcrumb"},"inLanguage":"en-GB","potentialAction":[{"@type":"ReadAction","target":["https://umcoletivo.pt/local/redacao-do-jornal-publico/"]}]},{"@type":"BreadcrumbList","@id":"https://umcoletivo.pt/local/redacao-do-jornal-publico/#breadcrumb","itemListElement":[{"@type":"ListItem","position":1,"name":"Início","item":"https://umcoletivo.pt/"},{"@type":"ListItem","position":2,"name":"Redação do Jornal Público"}]},{"@type":"WebSite","@id":"https://umcoletivo.pt/#website","url":"https://umcoletivo.pt/","name":"Um Coletivo","description":"","publisher":{"@id":"https://umcoletivo.pt/#organization"},"potentialAction":[{"@type":"SearchAction","target":{"@type":"EntryPoint","urlTemplate":"https://umcoletivo.pt/?s={search_term_string}"},"query-input":{"@type":"PropertyValueSpecification","valueRequired":true,"valueName":"search_term_string"}}],"inLanguage":"en-GB"},{"@type":"Organization","@id":"https://umcoletivo.pt/#organization","name":"Um Coletivo","url":"https://umcoletivo.pt/","logo":{"@type":"ImageObject","inLanguage":"en-GB","@id":"https://umcoletivo.pt/#/schema/logo/image/","url":"https://umcoletivo.pt/wp-content/uploads/2024/03/UMCOLETIVO.png","contentUrl":"https://umcoletivo.pt/wp-content/uploads/2024/03/UMCOLETIVO.png","width":1210,"height":383,"caption":"Um Coletivo"},"image":{"@id":"https://umcoletivo.pt/#/schema/logo/image/"},"sameAs":["https://www.facebook.com/umcoletivo"]}]}</script>
<!-- / Yoast SEO plugin. -->

Redação do Jornal Público - Um Coletivo

Início

Redação do Jornal Público
